
-4db1
In base 3, what is 2221 - 21211202?
-21201211
In base 12, what is 37 - 1427?
-13b0
In base 9, what is -2244 - -4?
-2240
In base 12, what is -21ba8 + -1?
-21ba9
In base 3, what is -2002002210 + -11?
-2002002221
In base 13, what is 841ac - 2?
841aa
In base 10, what is 1288559 + 1?
1288560
In base 2, what is -10101 - -11111100100100110?
11111100100010001
In base 14, what is 4 - 18a06?
-18a02
In base 14, what is -1a + 2d39?
2d1d
In base 2, what is -110001011 + 1111101?
-100001110
In base 14, what is -1d7 + -226?
-41d
In base 14, what is 2b9 + d7?
3b2
In base 15, what is -21bd5 + -3c?
-21c22
In base 10, what is 1 - 18808?
-18807
In base 14, what is -44 + c80?
c3a
In base 12, what is 1289 - 94?
11b5
In base 11, what is 18a57 - -9?
18a65
In base 3, what is -22 - -10112002?
10111210
In base 9, what is -2 - 12662?
-12664
In base 8, what is 7033 - -167?
7222
In base 15, what is -6 - -9ec6?
9ec0
In base 14, what is -13c - -244?
106
In base 10, what is -648 + 311?
-337
In base 12, what is 3b37b - 1?
3b37a
In base 5, what is -22413134 - 3?
-22413142
In base 14, what is 6c65 - -b?
6c72
In base 8, what is 1630 - 500?
1130
In base 4, what is -11232 - -13?
-11213
In base 14, what is -814a9 - -4?
-814a5
In base 16, what is 14e9 - 3?
14e6
In base 11, what is -1 - 455135?
-455136
In base 7, what is -4 + -313242?
-313246
In base 9, what is -20 - 71533?
-71553
In base 14, what is 135cd + 5?
135d4
In base 9, what is 13 + -42252?
-42238
In base 16, what is 4363 - 2b?
4338
In base 16, what is 43e27 + 2?
43e29
In base 12, what is 158964 + -1?
158963
In base 9, what is -4 + -3484826?
-3484831
In base 14, what is -8a7 + 83?
-824
In base 2, what is 110001111100 + 10000101?
110100000001
In base 8, what is -364566 - 4?
-364572
In base 11, what is 109882 + 2?
109884
In base 14, what is 4c - 1b5?
-167
In base 2, what is -101100111101 - 110101?
-101101110010
In base 6, what is -2 - -10345530?
10345524
In base 8, what is -7006 - -113?
-6673
In base 3, what is 1220 + -10021101?
-10012111
In base 11, what is -650a - 20?
-652a
In base 11, what is 286156 + 4?
28615a
In base 15, what is 169e + -12?
168c
In base 10, what is -22477 + -3?
-22480
In base 3, what is -102 + -2201?
-10010
In base 9, what is 1806 - -57?
1864
In base 2, what is -10 + 10000001101101?
10000001101011
In base 16, what is -102c8 - -4?
-102c4
In base 10, what is -5 + 9892?
9887
In base 9, what is -145 - -1302?
1146
In base 10, what is -772660 + -3?
-772663
In base 6, what is 4503245 - 25?
4503220
In base 9, what is -13 + 1824?
1811
In base 9, what is -3 + 3628?
3625
In base 15, what is 19a - 127?
73
In base 10, what is 662 + 108?
770
In base 16, what is 3 - 2e3e1?
-2e3de
In base 13, what is -2335 - -1?
-2334
In base 16, what is 8e + -104?
-76
In base 9, what is 70743 - 4?
70738
In base 9, what is 603 - 24?
568
In base 16, what is -3a9 + -202?
-5ab
In base 7, what is 0 + 50026?
50026
In base 13, what is -50 - 3b82?
-3c02
In base 8, what is -4511654 + -5?
-4511661
In base 2, what is 1 + 1111110000010100?
1111110000010101
In base 16, what is 458ca5 + -3?
458ca2
In base 12, what is -31b1b08 + -4?
-31b1b10
In base 10, what is 1332 - 38?
1294
In base 3, what is 121210200111 - -2?
121210200120
In base 6, what is 1350 + 13325?
15115
In base 6, what is 13 + 44?
101
In base 5, what is 13340012 - -30?
13340042
In base 3, what is -1 + 1220202?
1220201
In base 2, what is 10101100 - -10110110?
101100010
In base 8, what is -16 + -1221755?
-1221773
In base 15, what is 3 + -41317?
-41314
In base 14, what is 4 + -2210c?
-22108
In base 8, what is 1274 - 75?
1177
In base 9, what is -82 - -713?
621
In base 2, what is 1000001010010100011 - 100?
1000001010010011111
In base 4, what is -132 + -23030?
-23222
In base 7, what is -3 + 16434?
16431
In base 9, what is -1 + -37056?
-37057
In base 6, what is -13054005 - -3?
-13054002
In base 9, what is 4 - 108?
-104
In base 3, what is 1210212 + 102?
1211021
In base 7, what is 2006 + -16?
1660
In base 9, what is -5 + -3116?
-3122
In base 4, what is 3 + -21331?
-21322
In base 7, what is 25 - -13323?
13351
In base 2, what is -1000011011011 + 11?
-1000011011000
In base 3, what is -220222021 + -2?
-220222100
In base 10, what is -35341 - -2?
-35339
In base 10, what is 98 - -149?
247
In base 15, what is -914 - -33?
-8d1
In base 2, what is -10010 + -10100110101000000?
-10100110101010010
In base 10, what is 8 + -12652?
-12644
In base 6, what is -333 + 1132?
355
In base 15, what is 0 - -c1c62?
c1c62
In base 6, what is 14435 + 21?
14500
In base 6, what is -122401 + 301?
-122100
In base 14, what is 114c + -a?
1142
In base 8, what is 127 - -3222?
3351
In base 10, what is 3 + 425645?
425648
In base 5, what is 11321 - 2003?
4313
In base 15, what is -ce + 1dd?
10e
In base 13, what is -484 + 0?
-484
In base 3, what is -100 + 102101?
102001
In base 4, what is 232331323 - -3?
232331332
In base 9, what is -2762 + -71?
-2843
In base 11, what is 1a53437 - 1?
1a53436
In base 13, what is 1a32 + 4?
1a36
In base 7, what is 141 - -40321?
40462
In base 15, what is 1 + -de8?
-de7
In base 5, what is -1143140 - -44?
-1143041
In base 12, what is -3405a + a?
-34050
In base 3, what is -201 + 2021011?
2020110
In base 8, what is -1033 + 242?
-571
In base 5, what is 433111 - 10?
433101
In base 9, what is -2 + 3422748?
3422746
In base 2, what is 1110100001100101010 + 10?
1110100001100101100
In base 11, what is -15 - -382?
368
In base 13, what is 3 - 14308a?
-143087
In base 16, what is -5 - 1d64?
-1d69
In base 4, what is -30 + -132022?
-132112
In base 13, what is -312 - -a8?
-237
In base 12, what is 259 - -38?
295
In base 2, what is 100111 - 1010011100101?
-1010010111110
In base 11, what is 1758 - 43?
1715
In base 9, what is 3550536 + -3?
3550533
In base 9, what is -1843 - 1153?
-3106
In base 12, what is 561510 + -4?
561508
In base 16, what is -18 + 28d11?
28cf9
In base 12, what is -7569 - 5?
-7572
In base 2, what is 1001000 + -110001010001?
-110000001001
In base 6, what is 1252343 - -3?
1252350
In base 3, what is 111 - 11200110?
-11122222
In base 8, what is -15574 - 17?
-15613
In base 9, what is 6 - 547053?
-547046
In base 8, what is -217077 - -144?
-216733
In base 11, what is -351a - -11?
-3509
In base 6, what is 131 - -4421?
4552
In base 5, what is 314 + -13100?
-12231
In base 12, what is 135b - -17?
1376
In base 10, what is 363 - -77?
440
In base 11, what is -1364 + -5?
-1369
In base 16, what is -187 + 178?
-f
In base 14, what is -111a637 - -2?
-111a635
In base 7, what is 13 + -556235?
-556222
In base 5, what is 0 - -40023442?
40023442
In base 2, what is 100 - 111010001110001?
-111010001101101
In base 12, what is 10bb6 + 5?
10bbb
In base 13, what is 463 + -2791?
-232b
In base 14, what is 2dc02 - 0?
2dc02
In base 16, what is 1 + 10e8a1?
10e8a2
In base 13, what is -4 + -c8cb1?
-c8cb5
In base 9, what is 5 - 18335?
-18330
In base 3, what is 212021012 - 20?
212020222
In base 14, what is 122 - -6a5?
7c7
In base 14, what is -347 - -180?
-1a7
In base 11, what is -8 + -29a41?
-29a49
In base 4, what is 1 + 1032323102?
1032323103
In base 2, what is 1011111110100011101000 - -11?
1011111110100011101011
In base 8, what is 4 + -175577?
-175573
In base 4, what is 23300 - -2?
23302
In base 13, what is 15abab - -5?
15abb3
In base 14, what is 5 - -1aaa?
1ab1
In base 5, what is 22311 + -1032?
21224
In base 7, what is -554 - -10040?
6153
In base 12, what is -12 + 5225?
5213
In base 14, what is -55a + 2?
-558
In base 2, what is -100000010 + -110001?
-100110011
In base 12, what is 1 - 4806?
-4805
In base 2, what is 111010 - -10010110110?
10011110000
In base 14, what is -7 - 30dd?
-3106
In base 11, what is 5481 - -3?
5484
In base 10, what is -1430 + -104?
-1534
In base 4, what is -102 + -2233300?
-2300002
In base 16, what is -3 - -784?
781
In base 11, what is 15 + -365a?
-3645
In base 14, what is -3b + -138?
-175
In base 4, what is 1010101 + 32301?
1103002
In base 3, what is 12202110120 + -11?
12202110102
In base 7, what is 1645 - -50?
2025
In base 8, what is -4756 + -334?
-5312
In base 2, what is 11 - 11001110101101011100?
-11001110101101011001
In base 10, what is 23 - 646?
-623
In base 4, what is 2033 + -110302?
-102203
In base 6, what is 5345025 - 0?
5345025
In base 8, what is 12 - -2460?
2472
In base 10, what is -340 - -25?
-315
In base 5